**2 + 10*y + 11. Let x(p) = p**3 - 5*p**2 + 11*p + 11. Let u(b) = -5*g(b) + 4*x(b). What is u(f)?
16
Let f(v) = -3*v - 1. Suppose 3*t + i = 3 + 9, 31 = 5*t - 2*i. Calculate f(t).
-16
Let o(a) = -a**2 + a**2 - a**2 - 1. Let x(g) = g**3 - 7*g**2 - 15*g + 4. Let q be x(-2). What is o(q)?
-5
Let u(a) = -a**3 + 5*a**2 + 3*a + 5. Suppose -25*i = -105*i + 400. Determine u(i).
20
Suppose 4*x - 3*v - 19 = 0, -3*x - v + 6*v = -17. Suppose 0 = -4*z - x - 4, 2*c + 5*z + 18 = 0. Let t(a) = a**3 + 2*a**2 - 4*a + 5. What is t(c)?
-11
Let r(h) be the first derivative of -h**5/20 - 5*h**4/12 - h**3/3 + 3*h**2/2 - 2*h - 9. Let b(l) be the first derivative of r(l). Calculate b(-4).
-5
Let q(s) = -69*s - 5*s**2 + 69*s + 6*s**2 - s**3 - 4. What is q(0)?
-4
Let b(y) = -2*y**2 - 2 - 3 + y**3 + 9 - 5*y. Let w = 1 - -2. Let t = w - 0. Determine b(t).
-2
Let l = -99 - -103. Let q(v) = -v. What is q(l)?
-4
Let a be 40/60 - -4*(-53)/(-6). Let b(n) = -17 + a - 15 + n. Give b(-3).
1
Let a be (-1 + 2)/((-5)/(-30)). Suppose n - 7 = -4*x, -2*x - 3*x - 4*n = -a. Let s(t) = -t**3 + 6*t**2 - 2*t - 2. What is s(x)?
10
Let t(h) be the first derivative of -h**4/4 - 5*h**3/3 - h**2 - 5*h - 71. Let i be 10*(0 - 2/4). Calculate t(i).
5
Let s = 246 - 156. Let b be (-75)/s*(-7 + 1). Let a(r) = r**2 - 4*r - 4. Give a(b).
1
Let h(c) = c - 6. Let i(o) = 15*o**2 + o + 1. Let b be i(-1). Give h(b).
9
Suppose 0 = -4*d - d + 10. Let w = -19 + 22. Let k(l) = -2 - l**3 - l + w*l - 5*l - 6*l**d. Give k(-5).
-12
Let l(f) be the third derivative of f**6/120 + f**5/60 - f**4/8 - f**3/2 + 6*f**2. Let p be -1 - 0 - (-2)/(2/(-1)). Calculate l(p).
-1
Let j(y) = y**2 - 6*y + 1. Suppose -2*h = -5*z + 32, 0*z - 3*h = 2*z - 9. Let k be j(z). Let c(x) = -3 + x**3 - 6*x**2 + k - 1 + 4*x - x. What is c(6)?
15
Suppose -2*r = -5*u - 502, 3*r + u - 757 + 21 = 0. Let p(q) = 247 - r + 4*q - 3*q. Determine p(-6).
-5
Let i(k) = -44 + 3*k - k + 38 + 5 - k. Determine i(-4).
-5
Let p(i) = i - 7. Let z(q) = -2*q + 8. Let f(o) = 3*p(o) + 2*z(o). Suppose -2*l = -4*l. Let w be (-5 + 16/3)*l/(-1). Calculate f(w).
-5
Let w = -22 + 24. Suppose -w*v - 5 = y, 3*v = -0*y - 2*y - 10. Let u(i) be the first derivative of -i**2/2 + 5. Determine u(y).
5
Let m(j) = 2*j**2 - 4*j + 6. Suppose 5*y + 0*g - 3*g - 17 = 0, -2*g = -3*y + 10. Give m(y).
22
Suppose 2*i + v = 7*i - 122, -110 = -5*i - 5*v. Let t = 26 - i. Let b(r) = r**3 - 2*r**2 + r. What is b(t)?
2
Let x(q) be the first derivative of q**7/840 + q**6/90 + q**5/60 + q**4/24 + 11*q**3 + 18. Let h(w) be the third derivative of x(w). Let m = 4 - 6. Give h(m).
5
Let p(t) = 2*t - 22. Let y be p(12). Let n(x) = 6 - 3 - x**3 - y - 2. Suppose -3*g + 1 = 4. Give n(g).
0
Suppose -3*a + 4*a - 7 = 0. Suppose 3*n - r - a = 0, -r - 3*r - 15 = n. Let v(b) = -3*b**3 - 2*b**3 + 1 - b - b**3. Give v(n).
-6
Let t(c) = -65*c**2 + 1 + 27*c**2 + 6*c**2 + 27*c**2. Let d(k) = k**3 + 3*k**2 + 3*k + 1. Let n be d(-2). Calculate t(n).
-4
Suppose 0 = g - 1 - 2. Suppose -b = -2*f - 0*f + 10, 2*f - 10 = 4*b. Suppose g*v - 5*v = b. Let s(o) = o - 9. Determine s(v).
-9
Let s(t) be the second derivative of t**4/12 + t**3 - 19*t**2/2 + t + 42. Give s(-8).
-3
Let w(z) = -z**3 - 11*z**2 + 11*z + 1. Let a be (-290 - -288)/(-1*(-2)/12). Calculate w(a).
13
Let k(x) = -x**2 - 3*x - 4. Let z = -39 - -27. Let r = -8 - z. Suppose r*d + 2 + 18 = 0. Calculate k(d).
-14
Let s(h) = h**2 - h - 16. Let l(y) = y - 2. Let q(o) = 5*l(o) - s(o). Give q(5).
11
Suppose 0 = -4*r - f - f + 8, -2*r - 2*f = -4. Suppose -2*m + m = -r*m. Let s(h) = h**2 + h - 4. Determine s(m).
-4
Let c = -49 + 52. Let u(t) = t**2 + t. Let k(i) = 3*i**2 - 3*i - 1. Let n(f) = k(f) - u(f). Give n(c).
5
Let m(q) = q**3 + q**2 + q - 9. Suppose 4*n = i + 3, i + 3*i - n - 18 = 0. Suppose i*g = g - 0*g. Give m(g).
-9
Let k(o) = -3*o - 5. Let z be -2 - 2/(4/(-6)). Let j(r) = r. Let b(y) = 3*y. Let q(p) = -2*b(p) + 5*j(p). Let t(i) = z*q(i) - k(i). Calculate t(-5).
-5
Let m(w) = 6*w + 14. Let y(u) = 7*u + 15. Let a(v) = 6*m(v) - 5*y(v). Let j be a(-11). Let p(c) = c**2 + c + 1. Determine p(j).
3
Suppose -5*z - 9 = 1, -2*t = 2*z + 24. Let b = t + 8. Let f(k) = -2*k**3 - 3*k**2 + k + 2. Determine f(b).
4
Let p(h) = -10*h + 1. Let b(c) be the first derivative of -15*c**2/2 + c - 12. Let i be b(-1). Suppose 0 = -20*l + i*l - 4. Calculate p(l).
11
Let f = -28 + 28. Suppose f = -2*u - 4*u - 30. Let w(a) be the third derivative of a**6/120 + a**5/12 - a**4/8 - a**3 - 2*a**2. Calculate w(u).
9
Let z(w) = w**3 - 9*w**2 + 16*w - 1. Let b be z(6). Let o(x) = x**2 + 15*x + 26. What is o(b)?
0
Let q(g) = -7*g + 3. Suppose 0 = 5*x - 12 - 28. Let v(r) = -6 + 16*r + 7*r - x*r. Let c(d) = -9*q(d) - 4*v(d). Calculate c(2).
3
Let j(h) = h**3 - 15*h**2 - 97 - 8*h + 23*h**2 + 94. Determine j(-9).
-12
Suppose -6 = -0*r - 3*r. Suppose 4*o - 7 = r*w + 7, 0 = 3*o + 4*w - 27. Let a(h) = -4*h - 2*h + 0 + h**2 + 3. Determine a(o).
-2
Let m(w) be the first derivative of w**3/3 - 3*w + 2. Let i be -4 - (-8 - -1) - (-4 + 4). Let c be m(i). Let n(k) = k**2 - 6*k + 8. Calculate n(c).
8
Let l(z) be the third derivative of -11*z**2 - 1/60*z**5 + 0 + 1/6*z**4 + 5/6*z**3 + 0*z. Let w = -3 - -8. What is l(w)?
0
Suppose 2*x + 168 = -19*x. Let a(w) = -w**2 - 6*w. What is a(x)?
-16
Let i be (10/(-4))/(2/(-4)). Let q(l) = 2 - 4*l + 6*l + i. Suppose -114 = -4*h - 138. Calculate q(h).
-5
Suppose 0 = t + b - 2, 6*b - 12 = -3*t + 9*b. Let w(c) = 21*c + t - 41*c + 19*c. Calculate w(8).
-5
Suppose -12 = -4*f + f, -3*m = -4*f + 13. Let p = 21 - 22. Let k(c) = -13*c**3 + c**2 - 2*c + 1. Let w(o) = o**3. Let j(i) = p*k(i) - 3*w(i). What is j(m)?
10
Let o be 6/4*(-5 - -11) - 0. Let n(r) = 6*r - 3. Let d(y) = -5*y + 2. Let x(t) = -7*d(t) - 6*n(t). What is x(o)?
-5
Suppose -4*h - 5*l + 40 = 0, -h = -2*h + 5*l - 15. Let i(n) = -1 + n**3 - h*n**2 + 3*n - 2 + 2*n**2. What is i(3)?
6
Let y(i) = -4*i**2 - 20*i - 13. Let q(z) = -z**2 - 5*z - 3. Let c(b) = 9*q(b) - 2*y(b). Give c(-4).
3
Let q(u) be the third derivative of -u**4/24 - u**3/2 - 117*u**2. What is q(-3)?
0
Let t(b) = b**3 - 6*b**2 + 4*b + 3. Let z = -216 + 221. What is t(z)?
-2
Let k(j) = j - 3. Let g = 29 + -28. Let f be g/(1 - 4*3/18). Give k(f).
0
Let d(c) = 3*c**3 - 4*c**2 + c - 4. Let t be d(2). Let r(g) = -2*g - 7. What is r(t)?
-19
Let u(j) = j**2 - 2*j - 6. Let o be u(4). Suppose g = f + f - 2, 3*f - o*g = 5. Let k(v) = 5*v**3 + v**2 + v. Determine k(f).
-5
Suppose -63 = -75*u + 68*u. Let v(d) = -d - u - 20 + 25. Determine v(-6).
2
Let b(t) = -t**2 - 63*t**3 - 2*t - 5 + 61*t**3 + 0*t + 3. Give b(-2).
14
Let f(b) = b**2 - b + 1. Let p(k) be the third derivative of k**5/20 - k**4/24 - 3*k**2. Let j be p(1). Calculate f(j).
3
Let g(h) be the first derivative of 0*h - 1/3*h**3 - 11 + 1/24*h**4 + 5/2*h**2. Let t(b) be the second derivative of g(b). Determine t(3).
1
Let l(b) = 8*b - 1. Suppose 139 + 6 = 5*m. Let k = -27 + m. Calculate l(k).
15
Let y = 48 + -31. Suppose 3*v + y = 5*r, 3*r - 21 = -5*v - 4. Let s(h) = h**2 - 8*h + 5. Give s(r).
-11
Let a be (-304)/(-96) + 25/(-15). Let f(d) be the first derivative of 6*d - 3 - a*d**2. What is f(5)?
-9
Let h be (-14)/18 - 2/9. Let g(o) = -8*o**3 + 5*o**2 - 19*o + 4. Let t(y) = 49*y**3 - 31*y**2 + 119*y - 25. Let l(x) = -25*g(x) - 4*t(x). Calculate l(h).
-4
Let a be (-3 + 6 + 0 - -1) + -20. Let m = -10 - a. Let r(i) = 4*i**3 + 12*i**2 - i + 13. Let g(t) = -t**3 - t**2 - t - 1. Let d(s) = 5*g(s) + r(s). Give d(m).
8
Let v(f) be the first derivative of f**3/3 - 3*f**2 - f - 1. Let n = -2210 + 2214. What is v(n)?
-9
Let v(a) be the third derivative of a**6/144 - a**5/40 - 29*a**4/24 + 26*a**2. Let o(m) be the second derivative of v(m). Determine o(5).
22
Let l(r) be the first derivative of r**2/2 + 18*r - 2287. Let o(z) = z**2 - 7*z - 7. Let b be o(6). Calculate l(b).
5
Let k(w) = -w**3 + 2*w**2 - 3*w. Suppose 0 = 5*i + 5 - 0. Let d be (-24)/(-4) + (i - 3). Give k(d).
-6
Let t(a) = a**2 + 7*a - 5. Suppose 73*x - 54 = 82*x. Determine t(x).
-11
Let g = -20 + 13. Let u be 3 - 5 - 1*g. Suppose -u*f - 5 = d + 2*d, 15 = 3*d. Let k(h) = h**2 + 2*h - 3. What is k(f)?
5
Let i(g) = 2*g**3 - 2*g**2 - 3*g + 3. Let l be 1*6/(-8)*608/(-228). What is i(l)?
5
Let y(w) = w**3 + 7*w**2 + 2*w - 6. Let p be y(-6). Suppose g = -2*c + 